391 is divided by 12.
7
Calculate the remainder when 92 is divided by 56.
36
Calculate the remainder when 298 is divided by 44.
34
Calculate the remainder when 131 is divided by 30.
11
Calculate the remainder when 30 is divided by 4.
2
What is the remainder when 427 is divided by 346?
81
Calculate the remainder when 1692 is divided by 63.
54
What is the remainder when 361 is divided by 94?
79
What is the remainder when 3123 is divided by 519?
9
What is the remainder when 2584 is divided by 3?
1
What is the remainder when 467 is divided by 39?
38
Calculate the remainder when 70 is divided by 5.
0
What is the remainder when 2606 is divided by 62?
2
What is the remainder when 1843 is divided by 185?
178
Calculate the remainder when 173 is divided by 16.
13
What is the remainder when 1651 is divided by 78?
13
Calculate the remainder when 489 is divided by 82.
79
What is the remainder when 463 is divided by 457?
6
What is the remainder when 68 is divided by 2?
0
What is the remainder when 20277 is divided by 12?
9
What is the remainder when 1326 is divided by 219?
12
Calculate the remainder when 461 is divided by 16.
13
What is the remainder when 680 is divided by 273?
134
What is the remainder when 146 is divided by 143?
3
Calculate the remainder when 4290 is divided by 7.
6
What is the remainder when 258 is divided by 96?
66
Calculate the remainder when 47 is divided by 27.
20
Calculate the remainder when 180 is divided by 23.
19
What is the remainder when 697 is divided by 100?
97
Calculate the remainder when 2293 is divided by 17.
15
Calculate the remainder when 456 is divided by 22.
16
What is the remainder when 104 is divided by 54?
50
Calculate the remainder when 618 is divided by 120.
18
What is the remainder when 1104 is divided by 471?
162
Calculate the remainder when 63 is divided by 45.
18
What is the remainder when 33602 is divided by 65?
62
Calculate the remainder when 946 is divided by 79.
77
Calculate the remainder when 33 is divided by 17.
16
What is the remainder when 9080 is divided by 25?
5
Calculate the remainder when 1173 is divided by 399.
375
Calculate the remainder when 171 is divided by 43.
42
What is the remainder when 481 is divided by 23?
21
Calculate the remainder when 2120 is divided by 349.
26
Calculate the remainder when 7868 is divided by 24.
20
Calculate the remainder when 491 is divided by 38.
35
What is the remainder when 1104 is divided by 85?
84
What is the remainder when 574 is divided by 36?
34
Calculate the remainder when 507 is divided by 128.
123
Calculate the remainder when 449 is divided by 50.
49
Calculate the remainder when 16063 is divided by 156.
151
Calculate the remainder when 356 is divided by 60.
56
Calculate the remainder when 1400 is divided by 140.
0
Calculate the remainder when 89 is divided by 15.
14
Calculate the remainder when 446 is divided by 75.
71
Calculate the remainder when 221 is divided by 45.
41
What is the remainder when 219 is divided by 138?
81
What is the remainder when 42 is divided by 31?
11
What is the remainder when 133 is divided by 2?
1
What is the remainder when 962 is divided by 98?
80
What is the remainder when 197 is divided by 88?
21
What is the remainder when 928 is divided by 31?
29
Calculate the remainder when 441 is divided by 2.
1
What is the remainder when 159 is divided by 79?
1
Calculate the remainder when 68 is divided by 37.
31
Calculate the remainder when 6 is divided by 5.
1
What is the remainder when 913 is divided by 234?
211
What is the remainder when 76 is divided by 20?
16
Calculate the remainder when 8080 is divided by 188.
184
What is the remainder when 178 is divided by 14?
10
What is the remainder when 54 is divided by 19?
16
Calculate the remainder when 9934 is divided by 4.
2
What is the remainder when 235 is divided by 34?
31
What is the remainder when 114 is divided by 20?
14
What is the remainder when 97 is divided by 29?
10
Calculate the remainder when 851 is divided by 26.
19
What is the remainder when 5935 is divided by 18?
13
Calculate the remainder when 111 is divided by 45.
21
What is the remainder when 565 is divided by 116?
101
What is the remainder when 207 is divided by 5?
2
Calculate the remainder when 378 is divided by 28.
14
What is the remainder when 207 is divided by 25?
7
What is the remainder when 968 is divided by 147?
86
What is the remainder when 660 is divided by 42?
30
Calculate the remainder when 573 is divided by 64.
61
What is the remainder when 868 is divided by 13?
10
What is the remainder when 151 is divided by 9?
7
Calculate the remainder when 398 is divided by 386.
12
Calculate the remainder when 54 is divided by 11.
10
Calculate the remainder when 233 is divided by 15.
8
What is the remainder when 416 is divided by 19?
17
What is the remainder when 1125 is divided by 1?
0
Calculate the remainder when 629 is divided by 42.
41
Calculate the remainder when 9 is divided by 1.
0
Calculate the remainder when 5672 is divided by 12.
8
Calculate the remainder when 1247 is divided by 52.
51
What is the remainder when 122 is divided by 16?
10
What is the remainder when 44774 is divided by 58?
56
What is the remainder when 229 is divided by 126?
103
Calculate the remainder when 973 is divided by 197.
185
Calculate the remainder when 47 is divided by 25.
22
Calculate the remainder when 113 is divided by 66.
47
What is the remainder when 62 is divided by 45?
17
Calculate the remainder when 77 is divided by 40.
37
What is the remainder when 93 is divided by 47?
46
Calculate the remainder when 622 is divided by 7.
6
Calculate the remainder when 123 is divided by 63.
60
What is the remainder when 595 is divided by 209?
177
Calculate the remainder when 139 is divided by 16.
11
What is the remainder when 434 is divided by 433?
1
Calculate the remainder when 2522 is divided by 92.
38
What is the remainder when 2413 is divided by 69?
67
What is the remainder when 1818 is divided by 312?
258
What is the remainder when 89 is divided by 40?
9
What is the remainder when 410 is divided by 65?
20
Calculate the remainder when 951 is divided by 68.
67
What is the remainder when 14971 is divided by 25?
21
What is the remainder when 173 is divided by 14?
5
Calculate the remainder when 297 is divided by 40.
17
Calculate the remainder when 5252 is divided by 51.
50
What is the remainder when 212 is divided by 19?
3
What is the remainder when 159 is divided by 26?
3
What is the remainder when 959 is divided by 74?
71
What is the remainder when 648 is divided by 50?
48
Calculate the remainder when 21 is divided by 17.
4
What is the remainder when 4900 is divided by 129?
127
Calculate the remainder when 30 is divided by 2.
0
Calculate the remainder when 278 is divided by 31.
30
What is the remainder when 2089 is divided by 110?
109
Calculate the remainder when 40 is divided by 29.
11
Calculate the remainder when 22701 is divided by 176.
173
What is the remainder when 2229 is divided by 248?
245
Calculate the remainder when 27637 is divided by 9.
7
Calculate the remainder when 406 is divided by 35.
21
Calculate the remainder when 335 is divided by 146.
43
What is the remainder when 554 is divided by 81?
68
Calculate the remainder when 170 is divided by 9.
8
What is the remainder when 106 is divided by 29?
19
Calculate the remainder when 2688 is divided by 244.
4
What is the remainder when 562 is divided by 199?
164
Calculate the remainder when 75 is divided by 16.
11
Calculate the remainder when 225 is divided by 78.
69
What is the remainder when 904 is divided by 233?
205
What is the remainder when 577 is divided by 179?
40
Calculate the remainder when 4327 is divided by 40.
7
What is the remainder when 28 is divided by 3?
1
Calculate the remainder when 112 is divided by 59.
53
What is the remainder when 177 is divided by 98?
79
Calculate the remainder when 2448 is divided by 222.
6
Calculate the remainder when 437 is divided by 55.
52
Calculate the remainder when 4353 is divided by 1087.
5
Calculate the remainder when 56 is divided by 7.
0
What is the remainder when 56 is divided by 41?
15
Calculate the remainder when 1166 is divided by 130.
126
What is the remainder when 959 is divided by 48?
47
What is the remainder when 181 is divided 